- -6). Suppose 6*c - c = -m + 4377, -2*c + 3*m + 1744 = 0. Suppose -4*d = s - c. What are the prime factors of d?
2, 13
Let q(w) = 10*w + 13. Let d(p) = 11*p + 14. Let t(h) = -6*d(h) + 5*q(h). Let j be t(12). Let v = j - -330. What are the prime factors of v?
7, 17
Let d(o) = 90*o**2 + 2*o + 3. Let h = 663 + -666. What are the prime factors of d(h)?
3, 269
Suppose 0 = -135*i + 6009807 - 793002. What are the prime factors of i?
3, 11, 1171
Suppose -19*q + 10620 = -57818. What are the prime factors of q?
2, 1801
Let h be 3169/6 - (-31)/(-186). Let c = -274 + h. List the prime factors of c.
2, 127
Let p(m) = m**3 + 5*m**2 - 7*m. Let l be p(-6). Let i be 10*(-1 + l*(-2)/(-8)). Suppose 4*x - 31 = i. What are the prime factors of x?
3
Let k(f) = f**3 + f**2 + 2531. Suppose -5 = 2*m + 5*l, -2*m + 7*m + 5 = -5*l. Let c be k(m). Suppose -13*p + c + 251 = 0. List the prime factors of p.
2, 107
Suppose 5*o = -3*u + 43, -3*u + 8*u - 79 = -o. Suppose 2*p = u*p - 13916. List the prime factors of p.
2, 7, 71
Suppose 10*v + 10 - 70 = 0. List the prime factors of (v/9)/(-1*(-1)/726).
2, 11
Let y = 758 + -313. Suppose -3*d + 5*b = b - 1389, 0 = 3*d + b - 1359. Suppose 5*h - i = y, 3*i = 3*h + 2*h - d. What are the prime factors of h?
2, 11
What are the prime factors of (31 - 3121)*124/(-12)?
2, 5, 31, 103
Let p(x) = -12*x - 4. Let q(r) = r + 1. Let z(y) = -3*p(y) + 30*q(y). What are the prime factors of z(5)?
2, 3, 31
Let s = -20 + 28. Let i be s/(-6) + 1 + (-322)/42. List the prime factors of (-6)/i*637/21*12.
3, 7, 13
Let k(d) = 2066*d**2 + 52*d - 232. List the prime factors of k(4).
2, 4129
Let i(p) = p**3 - p**2 + 12*p + 19537. What are the prime factors of i(0)?
7, 2791
Suppose -9*r - 17330 = -c - 4*r, c = -r + 17348. List the prime factors of c.
5, 3469
Suppose -4*i = -5*i + g + 2, 50 = 5*i + 5*g. Let d(j) = -14*j + 181. List the prime factors of d(i).
97
Suppose 2*w + 311531 = 20*n - 15*n, 0 = 18*n - 4*w - 1121486. List the prime factors of n.
62303
Suppose -2*r - c = -14561, -34*r - c + 29123 = -30*r. List the prime factors of r.
3, 809
Let w(h) = -h**2 + h + 23. Let q be w(5). Suppose -q*y = j - 2450 + 478, 0 = y + 2*j - 664. What are the prime factors of y?
2, 41
Let k = -60004 + 99106. List the prime factors of k.
2, 3, 7, 19
Suppose -5*n + 25947 = 3*r, 2*r + r - 25965 = n. What are the prime factors of r?
2, 4327
Let x(b) = -31*b**3 - 49*b**2 - 124*b - 10. Let r(l) = 6*l**3 + 10*l**2 + 25*l + 2. Let s(o) = -11*r(o) - 2*x(o). What are the prime factors of s(-6)?
2, 37
What are the prime factors of (4/(-6) - (-2)/21)*(331 + -71423)?
2, 2539
Let k(b) = -3*b**2 + 2 + b**3 + 12 - 49691*b + 49696*b. What are the prime factors of k(9)?
5, 109
Let j(l) = 62*l**2 + 204*l - 8070. What are the prime factors of j(34)?
2, 13, 2713
Let q = 7 - 71. Let l = 64 + q. Suppose -29*x + 28*x + 160 = l. What are the prime factors of x?
2, 5
Let m(p) = p + 47. Let r be m(-7). Let q be 144*7/((-105)/r). List the prime factors of (q/(-15))/((-3)/(-15)*1).
2
Let d(a) = a**3 - 5*a**2 + 3*a + 9. Let k = -39 - -43. Let u be d(k). Suppose -u*c - 2*c = -224. What are the prime factors of c?
2
Suppose 3*f - 2*k + 4 + 8 = 0, 0 = 4*k. List the prime factors of 10746/12 + f - 6/12.
3, 11
Let i(g) = 2*g**2 - 24*g - 12. Let s be i(13). Suppose -1616 = -s*t - 2*t. What are the prime factors of t?
101
Let j(o) = -3406*o - 11 + 3404*o + 70. What are the prime factors of j(6)?
47
Let o(d) = -769*d**3 + 2*d**2 + 140*d + 274. What are the prime factors of o(-2)?
2, 17, 181
Let c(l) = -488*l - 2046. What are the prime factors of c(-24)?
2, 3, 179
Let v(c) be the second derivative of -101*c**3/6 - 429*c**2/2 - c - 116. List the prime factors of v(-5).
2, 19
Let d(o) = -601*o + 31. Let l be d(6). List the prime factors of l/(-10) - (-10)/20.
2, 179
Suppose -3*i = -9*i + 48. Suppose w - 6 = -i. Let y = w + 47. List the prime factors of y.
3, 5
Suppose 12 + 4 = 4*o. Suppose -o*y + 1011 = 5*w, 10*y - 9*y = -4*w + 250. What are the prime factors of y?
2, 127
Suppose 2*w - 16 = -z, 0*w + 5*w + 4*z - 43 = 0. Suppose 0 = -w*i - 7*i + 3892. List the prime factors of i.
2, 139
Let n(z) = -2*z**3 - 2*z**2 + 94*z + 6. List the prime factors of n(-18).
2, 3, 5, 311
Let y(o) = -o**3 - 16*o**2 + 17*o + 4. Let t be y(-17). Let a be 20/(-1) - (t - (1 + 1)). Let h = a - -95. What are the prime factors of h?
73
Suppose 0 = -12*v + 7*v - 3*q + 134413, -q - 4 = 0. List the prime factors of v.
5, 19, 283
Let i = 10972 + -10189. What are the prime factors of i?
3, 29
Let w(z) = 2*z**2 - 4*z - 95. Let l be w(10). Suppose 3*g = 4*m - 3343, m - 5*g = l + 758. List the prime factors of m.
2, 419
Suppose 143*r - 171105 = -150*r + 38*r. List the prime factors of r.
11, 61
Let v(z) = -z**2 - 11*z + 3. Let n be v(-11). Suppose -2*q + 3*q - 246 = -2*o, 502 = 4*o - n*q. Let u = -71 + o. List the prime factors of u.
53
Let h(x) = 2*x**3 + x**2 + x + 3045. Let f be h(0). Let y = f - 1483. What are the prime factors of y?
2, 11, 71
Suppose 3*k - 6*w = -3*w + 41952, -5*k = -4*w - 69922. Suppose 0 = 21*j - 48*j + k. What are the prime factors of j?
2, 7, 37
Let f(o) = -87*o + 31. Let x = -486 + 478. What are the prime factors of f(x)?
727
Suppose -8210 = 50*z - 350660. List the prime factors of z.
3, 761
What are the prime factors of ((-65)/780)/(2/(-115512))?
4813
Let b(j) = j**3 + 10*j**2 - j - 22. Let d be b(-7). What are the prime factors of d + (-22)/(-77) + (-4)/14?
2, 3, 11
Let q(h) = 8*h - 24. Suppose -5*c + 420 = 5*c. Let y = c + -36. List the prime factors of q(y).
2, 3
Suppose 146*s = 2*p + 151*s - 14233, -5*p = -5*s - 35495. List the prime factors of p.
2, 3, 37
Let z = -125 + 212. Suppose -98*r + 6424 = -z*r. What are the prime factors of r?
2, 73
What are the prime factors of ((-1)/3)/(5682118/(-378807) + 15)?
11, 883
Suppose 65*m - 83*m = -175590. What are the prime factors of m?
5, 1951
Let z(h) = -15*h**3 - 656*h**2 - 43*h + 31. What are the prime factors of z(-45)?
37, 1093
Let f = -1939 - -5363. Suppose -68*d + 76*d - f = 0. What are the prime factors of d?
2, 107
Suppose -2*r = -7*r + 10. Let z be r + (-564)/3 + (-2 - 1). Let o = 405 + z. List the prime factors of o.
2, 3
Let y = -5 - -86. Suppose -2*r = 3*m - y, 0 = -r + 14*m - 15*m + 41. List the prime factors of r.
2, 3, 7
Let a(t) = -1403*t**3 - 6*t**2 - 6*t - 4. What are the prime factors of a(-2)?
2, 3, 467
Let d(k) = -k**3 + 6*k**2 + 9*k + 58. Let o be d(8). Suppose o*b = -4*b + 1716. List the prime factors of b.
2, 11, 13
Suppose -5*x = 2*j - 1095, 7*x - 4*x - j - 646 = 0. Suppose 18*v = x + 719. What are the prime factors of v?
2, 13
List the prime factors of 98/(-168)*3 - 4/(80/(-994735)).
5, 7, 29
Suppose 0 = -4*r + 4*x - 64, r + 2*x = 5*x - 20. Let o(t) = -49*t - 124. List the prime factors of o(r).
2, 281
Suppose -2*g = -0 + 4. Let v(n) = -100*n - 16. Let h be v(g). Suppose 126 - 380 = -3*y + 5*z, -2*y - 4*z + h = 0. List the prime factors of y.
2, 11
Let s be (7 - 1)/(2/(-22)). Let g be ((-9)/11 - -1) + (-38598)/s. Suppose -3*i + g = -5*t, 3*t - 585 = -3*i - 0*t. List the prime factors of i.
3, 5, 13
Suppose 212 + 0 = -2*u. Let k = 301 + u. List the prime factors of k.
3, 5, 13
Let n = -5 - -23. Suppose 223 = i + 2*x, -n*x + 16*x - 470 = -2*i. List the prime factors of i.
3, 7, 11
Let y(s) = s**2 - s - 117. Let j be y(13). Let a be ((-4)/6)/((-6)/171). Suppose 2*f - j = a. List the prime factors of f.
29
Suppose 0*c - 76 = 2*c. Let s = 30 + c. List the prime factors of (-2)/s + 1880/32.
59
Suppose -41*c - 14084 + 1629404 = -1261404. List the prime factors of c.
2, 3, 1949
Let f(y) = 108*y**2 - 370*y - 60. List the prime factors of f(16).
2, 5417
Suppose -161*g + 49*g = -542685 - 40611. What are the prime factors of g?
2, 3, 7, 31
Suppose 0 = 4*m - 2*l - 190 - 136, 0 = -3*m - 3*l + 249. Suppose m = 2*k - 0. What are the prime factors of k?
41
Let t be 3 - ((-1)/(-1) - 0). Suppose 0 = -3*z - q, t*z - 3*z = 3*q. Suppose -5*p + 635 + 25 = z. List the prime factors of p.
2, 3, 11
Let a be (-22)/(-4) + 4 + 36/(-8). Let g = a - 5. Suppose -4*k + 1086 - 318 = g. List the prime factors of k.
2, 3
Let a(i) = 11*i - 96. Let h be a(9). Suppose h*t = k - 80, 3*k - 116 = k - 5*t. List the prime factors of k.
2, 17
Let m = -5653 - -25193. What are the prime 